r?
True
Is 210228547007 a prime number?
False
Is 1457604857 a prime number?
True
Is 176719179487 a prime number?
True
Is 1108984553965 composite?
True
Is 721132481 composite?
False
Is 9923758945 a prime number?
False
Is 63911859565 a prime number?
False
Is 1050824539 prime?
True
Is 5635887541 a composite number?
False
Is 13823166347 prime?
False
Is 8576956579 prime?
True
Is 6480228862 a composite number?
True
Is 498217021 a prime number?
True
Is 2869047947 a composite number?
True
Is 7417529657 a prime number?
True
Is 10923656957 composite?
False
Is 223615267 composite?
True
Is 3416017831 a prime number?
True
Is 26662218061 a composite number?
True
Is 370198918 a composite number?
True
Is 8855253779 a composite number?
False
Is 26175499747 a composite number?
False
Is 74889056005 a composite number?
True
Is 1778720429 composite?
True
Is 71447837467 a prime number?
True
Is 193750539539 prime?
True
Is 118269937 a prime number?
False
Is 2571349951 a prime number?
True
Is 1136562313 a prime number?
False
Is 1421997797 composite?
True
Is 1252684843 composite?
True
Is 105444553 a prime number?
True
Is 1149520741 composite?
False
Is 10225209101 a prime number?
True
Is 551897711 a composite number?
False
Is 1930587335 a prime number?
False
Is 4317887935 a composite number?
True
Is 4170995203 composite?
True
Is 7972340939 prime?
True
Is 124668777547 composite?
False
Is 740733023 composite?
True
Is 2849904247 a prime number?
False
Is 1059811474 a composite number?
True
Is 570470137 prime?
False
Is 1382084831 a composite number?
False
Is 3433652483 composite?
False
Is 69520915955 a prime number?
False
Is 902434153 a prime number?
False
Is 4739428151 a composite number?
True
Is 31659449891 a composite number?
False
Is 4909774367 prime?
False
Is 1637305993 prime?
False
Is 30213205091 a prime number?
False
Is 2800043941 a composite number?
True
Is 3420640231 composite?
False
Is 9465127753 composite?
False
Is 696816353 prime?
False
Is 199106647 composite?
True
Is 25792941539 a composite number?
False
Is 6261158627 a composite number?
True
Is 773002823 prime?
False
Is 659428463 composite?
False
Is 115719240173 a composite number?
False
Is 1274460773 composite?
True
Is 8252518839 a composite number?
True
Is 1124420819 prime?
True
Is 19896430567 a prime number?
False
Is 338729977559 a composite number?
False
Is 37621411123 a composite number?
True
Is 1447935353 a composite number?
True
Is 556834297 composite?
True
Is 893231089 prime?
False
Is 48849043253 a prime number?
False
Is 32367760773 prime?
False
Is 6744853519 prime?
False
Is 936535913 a composite number?
False
Is 387940277 prime?
True
Is 17478987163 composite?
True
Is 5093423351 composite?
True
Is 601408763 a composite number?
False
Is 8281213657 composite?
False
Is 65963479 a composite number?
True
Is 290973637 a prime number?
False
Is 1463199943 a composite number?
False
Is 3732407606 a composite number?
True
Is 29127883397 a composite number?
False
Is 143103169 composite?
True
Is 6577233779 prime?
False
Is 3941500945 a prime number?
False
Is 951447863 a composite number?
True
Is 13171861727 a prime number?
True
Is 25434813917 composite?
True
Is 41162832629 prime?
True
Is 45880750369 prime?
True
Is 276815167 a prime number?
False
Is 23544129353 composite?
True
Is 45000451 composite?
False
Is 1614821111 a prime number?
True
Is 1315299485 a prime number?
False
Is 1825353527 a prime number?
True
Is 6139629127 prime?
False
Is 19523486569 composite?
False
Is 184584271 prime?
True
Is 24125083991 composite?
True
Is 599365633 prime?
True
Is 29708999759 prime?
True
Is 73770795811 prime?
True
Is 5392914431 composite?
False
Is 17897363707 prime?
False
Is 770661643 a composite number?
True
Is 5621564417 prime?
False
Is 137674087909 a composite number?
False
Is 224652149 composite?
True
Is 80867631709 a composite number?
True
Is 167741393 composite?
True
Is 2042802719 a prime number?
True
Is 1987635901 a prime number?
False
Is 2554809979 composite?
False
Is 145155491 composite?
True
Is 3403420793 prime?
False
Is 747937391 prime?
False
Is 9945269357 a prime number?
True
Is 5749587947 prime?
True
Is 825771707 prime?
False
Is 1476095759 composite?
True
Is 6093989791 composite?
True
Is 19965887 composite?
False
Is 2547046751 a prime number?
True
Is 112435223 a prime number?
True
Is 66015708877 a composite number?
False
Is 58594037647 a composite number?
False
Is 95836126811 a prime number?
True
Is 1391179393 composite?
False
Is 42955374279 composite?
True
Is 23598899813 a composite number?
False
Is 3877129315 composite?
True
Is 3934806263 composite?
True
Is 564733931 prime?
False
Is 229612499 a composite number?
False
Is 2597484107 prime?
False
Is 431805783 composite?
True
Is 1266292057 prime?
False
Is 1539309029 prime?
True
Is 30068716739 prime?
False
Is 4682786519 prime?
True
Is 69493698643 a composite number?
True
Is 2839861909 a composite number?
False
Is 1788202369 prime?
True
Is 2522800307 composite?
False
Is 890939671 composite?
True
Is 18095642459 composite?
True
Is 3030534589 composite?
False
Is 7319538973 a composite number?
True
Is 357233480729 a composite number?
False
Is 74084693 a prime number?
False
Is 4370143559 a composite number?
True
Is 1124634661 a composite number?
True
Is 101382999359 a composite number?
True
Is 334508833 prime?
False
Is 86964288391 prime?
False
Is 2979209811 a composite number?
True
Is 464151653 a composite number?
True
Is 39785383661 prime?
False
Is 5644659781 a prime number?
False
Is 18055729987 a prime number?
True
Is 177372361 prime?
True
Is 583334615 prime?
False
Is 1563375851 a composite number?
False
Is 1524694295 a prime number?
False
Is 2723920187 prime?
True
Is 9168000053 a prime number?
False
Is 779113883 prime?
False
Is 71623609723 a composite number?
True
Is 4423381757 a prime number?
True
Is 46266457022 prime?
False
Is 211404499 a prime number?
False
Is 1984625479 composite?
False
Is 2471005153 prime?
False
Is 878858101 prime?
False
Is 212839859 prime?
False
Is 13676686637 a prime number?
True
Is 402821821 composite?
False
Is 4984627429 a composite number?
False
Is 40488692623 a composite number?
False
Is 89939441 composite?
False
Is 41123274553 composite?
False
Is 46797319 prime?
True
Is 13245107089 prime?
False
Is 5582678887 a prime number?
False
Is 3688723541 composite?
False
Is 3539892199 prime?
False
Is 8122478029 a prime number?
False
Is 757887521 a prime number?
True
Is 2994681203 a composite number?
True
Is 4892464439 a composite number?
False
Is 4225233223 composite?
False
Is 12958273633 a composite number?
False
Is 3352494953 a composite number?
True
Is 18725177323 prime?
False
Is 1843769083 prime?
False
Is 981590177 composite?
False
Is 429413470523 prime?
True
Is 181249179017 a prime number?
False
Is 3990641927 prime?
True
Is 18361607707 prime?
False
Is 135478949 a prime number?
False
Is 335132367 prime?
False
Is 8451988357 composite?
True
Is 40082561 a composite number?
True
Is 1670438386 a composite number?
True
Is 53028781483 prime?
False
Is 579556057 prime?
True
Is 270971321 a composite number?
False
Is 287269321 composite?
False
Is 356164901 prime?
True
Is 209694007 composite?
False
Is 104229557 a composite number?
False
Is 13003858991 a composite number?
False
Is 32107432457 a prime number?
True
Is 1887962933 a prime number?
False
Is 147939690229 prime?
True
Is 76670603 a composite number?
True
Is 2435363603 a prime number?
False
Is 27875502377 prime?
True
Is 14841617971 composite?
False
Is 1360236863 composite?
False
Is 1537737 prime?
False
Is 2018990431 a prime number?
False
Is 3158558357 composite?
True
Is 27373133981 a prime number?
False
Is 1581455041 composite?
False
Is 558422707 prime?
False
Is 302527891 a prime number?
False
Is 13814551547 a prime number?
True
Is 62933523607 composite?
False
Is 127956622921 a composite number?
False
Is 11877339203 a prime number?
True
Is 321632683 composite?
False
Is 6657397167 prime?
False
Is 4410564101 prime?
False
Is 8736696149 composite?
True
Is 139881286241 prime?
False
Is 195230305 composite?
True
Is 6388919623 prime?
True
Is 17149974437 a composite number?
True
Is 125483497 a prime number?
True
Is 3060176663 a composite number?
False
Is 5508000529 a composite number?
False
Is 133588814527 a comp